g**3 + 5*g**2 + 191*g - 385. Determine a(2).
9
Let d(c) = -1168*c - 16422. What is d(-14)?
-70
Let d(t) = -t**3 + 10*t**2 + 91*t - 494. Give d(14).
-4
Let r(f) = -140*f**2 - 840*f - 10. Determine r(-6).
-10
Let h(p) = -73*p + 442. Determine h(7).
-69
Let t(l) = 15*l - 146. What is t(13)?
49
Let o(w) = -8*w + 100. Give o(0).
100
Let m(j) = -j**2 - 34*j - 206. Calculate m(-26).
2
Let s(g) = -5*g**2 + 7. What is s(5)?
-118
Let x(i) = i**2 - 158*i - 2429. Give x(-14).
-21
Let j(g) = 2*g**2 - 62*g + 86. Determine j(28).
-82
Let r(s) = -5*s**3 - 28*s**2 + 27*s + 151. What is r(-5)?
-59
Let o(y) = 3*y**3 + 284*y**2 - 3258*y - 298. Give o(-105).
17
Let z(w) = 162*w + 563. Determine z(-5).
-247
Let f(y) = -y**2 + 3*y + 15. What is f(-6)?
-39
Let o(z) = -32*z - 149. Determine o(-6).
43
Let i(j) = -j**2 + 21*j + 69. Give i(-6).
-93
Let k(w) = 4*w**2 - 23*w - 21. Give k(7).
14
Let m(y) = 3*y**3 - 6*y**2 - 26*y + 12. What is m(7)?
565
Let g(t) = t**3 + 3*t**2 + 7*t - 11. Determine g(4).
129
Let l(v) = v**3 + 9*v**2 + 18*v + 183. Give l(-10).
-97
Let j(u) = -94*u + 44. What is j(0)?
44
Let m(p) = -p**3 - 15*p**2 + p - 4. What is m(-15)?
-19
Let h(n) = n**2 + 28*n - 262. What is h(-37)?
71
Let r(y) = -887*y - 63864. Determine r(-72).
0
Let b(o) = o**2 - 73*o + 847. What is b(16)?
-65
Let o(y) = 246*y - 1466. Give o(6).
10
Let m(n) = 163*n - 1323. What is m(8)?
-19
Let q(c) = 237*c - 1185. Calculate q(5).
0
Let y(i) = i**3 - 53*i**2 + 105*i - 137. Calculate y(51).
16
Let b(c) = -40*c - 37. What is b(-4)?
123
Let g(i) = 18*i**2 + 228*i + 155. Give g(-12).
11
Let z(n) = n**3 + 24*n**2 + 62*n - 26. Calculate z(-21).
-5
Let x(f) = 123*f + 1849. Give x(-15).
4
Let h(q) = 5*q**2 - 6*q - 12. Give h(3).
15
Let p(v) = -v**2 - 4*v - 13. Calculate p(-7).
-34
Let w(c) = 7*c**2 - 14*c - 12. Calculate w(8).
324
Let f(g) = 9*g**2 - 561*g + 3190. Give f(56).
-2
Let i(l) = -3*l**3 + l**2 - 30*l + 52. What is i(2)?
-28
Let q(x) = x**3 - 53*x**2 - 1749*x + 91. What is q(76)?
15
Let i(h) = -19*h - 12. Give i(3).
-69
Let a(n) = 17*n + 308. Calculate a(-17).
19
Let y(q) = -q**3 - 57*q**2 + 242*q - 108. Calculate y(-61).
14
Let j(x) = -77*x - 688. What is j(-9)?
5
Let n(x) = -18*x**3 - 4*x**2 + 17*x - 46. Determine n(2).
-172
Let x(c) = 14*c**2 - 118*c + 2. Give x(6).
-202
Let y(d) = 247*d - 52. Give y(1).
195
Let o(a) = -2*a**2 - 23*a - 17. Determine o(-4).
43
Let z(f) = -23*f - 413. Calculate z(-17).
-22
Let s(l) = -l**3 - 3*l**2 + 4*l - 31. Calculate s(0).
-31
Let q(c) = -c**2 + 39*c - 51. Determine q(20).
329
Let p(o) = -o**3 + 50*o**2 - 332*o - 182. What is p(42)?
-14
Let d(t) = 49*t + 18. Give d(2).
116
Let w(k) = -k**3 - 47*k**2 + 31*k - 54. Give w(-48).
762
Let h(f) = f**2 - 34*f - 389. Calculate h(-9).
-2
Let q(p) = -328*p + 2793. Determine q(8).
169
Let m(k) = 128*k + 735. What is m(-6)?
-33
Let u(c) = c**2 + 4*c - 159. Give u(13).
62
Let n(h) = 2*h**2 + 104*h - 17075. Give n(70).
5
Let x(t) = 2*t**2 + 114*t + 1018. Calculate x(-46).
6
Let m(c) = 21*c + 1378. Calculate m(-66).
-8
Let z(j) = 2*j**3 - 21*j**2 - 177*j + 1831. What is z(9)?
-5
Let c(q) = -q**3 - 16*q**2 - 54*q - 37. Determine c(-6).
-73
Let q(s) = 11*s - 41. Give q(7).
36
Let b(v) = -3*v**3 + 3*v**2 - 6*v - 26. Calculate b(-2).
22
Let c(s) = 156*s - 5923. Determine c(38).
5
Let w(a) = -4*a**3 - 20*a**2 + 14*a + 79. What is w(-5)?
9
Let a(m) = -18*m - 52. Give a(-4).
20
Let p(j) = 2*j**3 - 82*j**2 - 261*j - 133. Give p(44).
-1
Let o(p) = -p**3 - 10*p**2 + 17*p + 21. What is o(-11)?
-45
Let y(n) = 77*n**3 + 5*n - 5. Determine y(1).
77
Let c(l) = -235*l - 8934. Calculate c(-38).
-4
Let b(i) = 4*i**2 + 121*i - 52. Determine b(-30).
-82
Let p(f) = 2*f**2 - 63*f - 550. Calculate p(-7).
-11
Let s(y) = -y**3 - 7*y**2 + 24*y + 61. Calculate s(-9).
7
Let s(w) = -1051*w**3 + 18*w - 18. Determine s(1).
-1051
Let h(v) = -15*v + 377. What is h(24)?
17
Let m(g) = 72*g - 382. Determine m(11).
410
Let v(t) = t**3 + 10*t**2 + 7*t + 90. Determine v(-13).
-508
Let i(u) = -160*u + 1084. What is i(6)?
124
Let u(c) = c**3 - 81*c**2 - 1013*c - 50. Determine u(92).
-142
Let x(g) = 39*g**3 + 82*g**2 + 12*g + 4. What is x(-2)?
-4
Let i(n) = -n**2 + 6*n + 63. Give i(-14).
-217
Let x(z) = -z**3 - 15*z**2 + 7*z + 5. Give x(-13).
-424
Let k(b) = -3*b**2 - 38*b + 17. Determine k(-14).
-39
Let h(d) = -43*d - 55. Calculate h(-6).
203
Let n(j) = -j**3 - 7*j**2 - 12*j - 20. Give n(-5).
-10
Let u(c) = -27*c + 1263. What is u(47)?
-6
Let f(v) = -3*v**2 - 45*v + 147. Determine f(4).
-81
Let b(g) = 62*g + 7108. Give b(-114).
40
Let u(y) = -34*y - 3632. Give u(-107).
6
Let m(k) = k**2 + 16*k - 33. What is m(-19)?
24
Let j(m) = m**3 + 103*m**2 - 78*m + 2694. What is j(-104)?
-10
Let a(p) = 66*p + 4752. What is a(-72)?
0
Let d(z) = -z**3 - 11*z**2 - 14*z - 61. Determine d(-10).
-21
Let m(y) = -5*y**3 + 9*y**2 - 9*y + 13. Calculate m(6).
-797
Let b(h) = 72*h - 14. Give b(-4).
-302
Let p(x) = -x**3 - 73*x**2 - 678*x + 252. Determine p(-62).
4
Let p(x) = x**3 - 77*x**2 + 243*x - 1555. Calculate p(74).
-1
Let k(y) = -y**3 - 179*y**2 - 1051*y - 81. Calculate k(-6).
-3
Let m(d) = -3*d**2 + 148*d - 277. Determine m(48).
-85
Let b(h) = 4*h**2 + 193*h + 45. Determine b(-48).
-3
Let k(l) = -l**3 + 6*l**2 - 15*l - 10. Give k(7).
-164
Let h(s) = -126*s**3 + 5*s**2 - 3*s. Calculate h(2).
-994
Let x(a) = -a**2 - 398*a - 4320. Determine x(-11).
-63
Let m(k) = 270*k - 29160. Give m(108).
0
Let t(s) = -29*s - 123. Calculate t(-3).
-36
Let o(m) = -m**3 - 7*m**2 + m - 31. What is o(-7)?
-38
Let o(l) = 8*l - 483. Calculate o(45).
-123
Let c(k) = -74*k - 5861. Give c(-79).
-15
Let q(u) = u + 7. What is q(-1)?
6
Let b(r) = 3*r**3 - 358*r**2 - 973*r - 372. Give b(122).
-6
Let o(n) = 11*n**3 + 2*n**2 - 18*n + 17. What is o(1)?
12
Let g(y) = y**2 + 57*y + 204. Give g(-53).
-8
Let r(f) = 291*f + 181. What is r(-1)?
-110
Let r(f) = -14*f + 399. Calculate r(22).
91
Let w(k) = -k**3 - 8*k**2 + 6*k - 17. What is w(-7)?
-108
Let v(u) = 5*u**2 + 84*u + 518. Calculate v(-20).
838
Let i(s) = -353*s - 11172. Determine i(-32).
124
Let z(s) = s**2 + 11*s - 2270. What is z(-53)?
-44
Let w(y) = 72*y**2 - 61*y + 61. Give w(1).
72
Let x(g) = -12*g**2 - 141*g - 8. What is x(-12)?
-44
Let n(k) = -2*k**3 + 5*k**2 + 13*k - 35. Give n(4).
-31
Let r(b) = 188*b**2 - 80*b + 152. What is r(2)?
744
Let n(c) = 8*c**3 + 6*c**2 - 49*c + 26. What is n(4)?
438
Let m(x) = 36*x + 53. Calculate m(-2).
-19
Let m(y) = -y**3 - 8*y**2 - 73*y - 369. Give m(-6).
-3
Let q(c) = -c**2 + 39*c + 607. What is q(-12)?
-5
Let b(y) = -y**3 - y**2 + 4*y - 3. Calculate b(-4).
29
Let y(h) = 197*h**2 - 5*h + 31. Determine y(0).
31
Let a(v) = -184*v + 202. Determine a(1).
18
Let v(t) = -t**3 + 18*t**2 + 31*t - 475. What is v(19)?
-247
Let c(a) = 42*a - 542. Give c(15).
88
Let c(b) = 5*b**2 - 12*b - 53. What is c(-5)?
132
Let d(y) = -2*y**3 + 78*y**2 - 92*y + 615. What is d(38)?
7
Let n(p) = -1821*p - 29153. Give n(-16).
-17
Let j(x) = x**3 + 50*x**2 + 302*x - 11. What is j(-6)?
-239
Let a(p) = -3*p**2 + 53*p + 372. What is a(-6)?
-54
Let b(v) = 7*v**2 - 299*v + 27. What is b(43)?
113
Let g(v) = -17*v**2 - 7*v + 13. What is g(2)?
-69
Let z(t) = -t**3 - 9*t**2 + 7*t + 74. Determine z(-9).
11
Let f(a) = -17329*a - 51975. What is f(-3)?
12
Let y(s) = s**3 - 15*s**2 + 43*s - 91. Determine y(12).
-7
Let d(l) = -3*l**3 + 114*l**2 - 316*l - 3. What is d(3)?
-6
Let w(d) = 7*d**3 + 45*d**2 - 18*d - 48. Give w(-4).
296
Let m(d) = 2*d**3 + 88*d**2 - 100*d - 443. What is m(-45)?
7
Let m(d) = 1369*d + 8. Determine m(0).
8
Let h(l) = -72*l - 1418. What is h(-20)?
22
Let y(l) = -l**3 - 134*l**2 - 1005*l + 467. Give y(-126).
89
Let z(q) = -774*q - 760. Give z(-1).
14
Let p(b) = -2*b**3 + 74*b**2 + 240*b + 3. Give p(-3).
3
Let n(x) = -1208*x - 7317. Calculate n(-6).
-69
Let n(k) = 12*k - 72. What is n(0)?
-72
Let x(d) = -d**3 - 17*d**2 + 6*d - 217. What is x(-18)?
-1
Let j(y) = -113*y + 1699. Give j(15).
4
Let n(q) = 2*q**2 + 57*q + 362. Give n(-9).
11
Let v(s) = 4*s**2 + 99*s - 10. Give v(-25).
15
Let h(y) = -y**2 + 81*y - 1727. Determine h(44).
-99
Let o(w) = -9*w**3 - 30*w**2 - 3*w + 8. Give o(-3).
-10
Let h(t) = -5623*t - 140579. Give h(-25).
-4
Let u(p) = p**2 - 223*p + 5619. Calculate u(29).
-7
Let n(h) = -197*h - 2330. Determine n(-12